ppose -o - m = -5. What is the remainder when o is divided by a?
0
Suppose l + 8 - 24 = 0. Suppose -m = -0 - l. Let a(h) = -2*h - 6. Calculate the remainder when m is divided by a(-6).
4
Suppose b + 11 = -1. Let k = -10 - -18. What is the remainder when b/4 - (1 - 27) is divided by k?
7
Let v = 9 - -25. Let o = -32 - -23. Let t = o - -21. Calculate the remainder when v is divided by t.
10
Calculate the remainder when 19 is divided by (7/28)/(3/36).
1
Suppose 0 = -5*p + 83 + 172. Calculate the remainder when p is divided by 13.
12
Suppose 0 = -4*w - 89 + 665. Suppose 4*t - w = -5*k, 0 = k + k - 8. Calculate the remainder when t is divided by 11.
9
Suppose -2*w + 1 + 3 = 0. Let p be (w + -4 + 3)*14. Suppose 2*r = p - 0. Calculate the remainder when 18 is divided by r.
4
Let p(m) = -6*m**3 - m**2 - 3*m - 3. What is the remainder when p(-2) is divided by 25?
22
Suppose -s + 14 = 5*k, 0 = k + 1 - 0. What is the remainder when (-744)/(-10) - (-18)/30 is divided by s?
18
Let y = -8 + 23. Suppose 2*p - y = -3*r, -3*p + 6 = -0*p - r. What is the remainder when 4 is divided by p?
1
Let b(s) = -2*s**3 - 2*s + 3. Let c be b(-3). Suppose 4*h + 5 = 13. Suppose -g + c = h*g. What is the remainder when g is divided by 11?
10
Suppose -g + 31 = 2*n, 4*g - 126 - 48 = 2*n. Calculate the remainder when g is divided by 11.
8
Suppose 54 = 5*r - 101. Calculate the remainder when r is divided by 16.
15
Suppose -2*b = b + 3. What is the remainder when 17 is divided by 12 + (2 + 0)/b?
7
Suppose d - 5*d = -44. Let k(z) = z**3 + 6*z**2 + 3*z + 1. Calculate the remainder when k(-4) is divided by d.
10
Suppose -4*v = -2*f - 154, -9*v = -5*v + 2*f - 142. Calculate the remainder when 145 is divided by v.
34
Let j = 1 + 4. Suppose -2*k + 5*k = -5*u + 42, j*k - 98 = u. What is the remainder when 36 is divided by k?
17
Suppose -2*u = -37 - 21. Let k be (0 - -21)*12/14. Let w = k - 8. Calculate the remainder when u is divided by w.
9
Suppose -5*j + 77 = -2*x, -3*j - 5*x + 38 = -2. Let o = -10 + j. Suppose o*p + 26 = 7*p. Calculate the remainder when p is divided by 7.
6
Let l = -97 + 121. Calculate the remainder when l is divided by 13.
11
Calculate the remainder when 30 is divided by ((1 - -12) + -2)/1.
8
Let t = 4 - 0. Let r = 16 - 11. Suppose r*q = 3 + 72. Calculate the remainder when q is divided by t.
3
Suppose 4*k + 7*m - 2*m - 132 = 0, 0 = -2*m. Let r = 92 - k. Calculate the remainder when r is divided by 20.
19
Let n = 6 + -4. Let t be -33 + (-1 - (-2)/n). Let r = t + 58. Calculate the remainder when r is divided by 13.
12
Suppose 3*h + 24 = 5*h - x, -2*h = 2*x - 36. Calculate the remainder when (-212)/12*6/(-2) is divided by h.
11
Suppose q = 4*t + 3 - 24, 3*q = 2*t - 23. Let b = 14 + q. What is the remainder when 1 - -1 - b/(-1) is divided by 6?
5
Calculate the remainder when (-2)/(2/(-24) - 0) is divided by 3.
0
Suppose -5*c + c = -56. Suppose 2*f = 4*h - 5*h + 55, -4*h - 2*f + 214 = 0. What is the remainder when h is divided by c?
11
Calculate the remainder when (20/(-3))/((-2)/6) is divided by ((-2)/(-6) + 2)*3.
6
Let y(x) = -x**2 + 11*x + 3. Let s(r) = -r**2 - 14*r - 37. Calculate the remainder when y(5) is divided by s(-7).
9
Suppose 7*a = 5*a - 72. Let p = a + 65. Calculate the remainder when p is divided by 8.
5
Let c(o) = 12*o - 5. Calculate the remainder when 90 is divided by c(3).
28
Let m(a) = -7*a + 0 + 2 + 0*a**2 + 0 - a**2. Suppose -8 = -5*v + 27. What is the remainder when m(-5) is divided by v?
5
Let z(y) = -y**3 - 6*y**2 - y + 8. Let x be (-2)/4*(-12)/2. Suppose -17 = x*n + 1. Calculate the remainder when 40 is divided by z(n).
12
Let d(f) = 6*f + 16. Calculate the remainder when 60 is divided by d(0).
12
Let c = -13 + 5. Let q = c + 13. Calculate the remainder when q is divided by 2.
1
What is the remainder when 18 is divided by (-3)/(-2 + 28/20)?
3
What is the remainder when 42 is divided by ((-12)/8)/((-12)/176)?
20
Calculate the remainder when ((-131)/(-2))/((-2)/(-4)) is divided by 34.
29
Let b(o) = o + 6. Let d = 8 + -6. Suppose 2*u + 4*a = 4, -3*a + 28 = 5*u - d*a. Calculate the remainder when 22 is divided by b(u).
10
What is the remainder when 101 is divided by ((-10)/3 - -3)/(2/(-126))?
17
Let w = 4 - 0. Suppose 0 = w*d - 2*d - 64. Calculate the remainder when d is divided by 11.
10
Let s be (-2 + 3 + -2)*-1. Suppose s = 2*w - 9. Suppose -3*c = 5*f - w*c - 51, -5*c = -f + 1. What is the remainder when f is divided by 6?
5
Suppose 0*h = -5*l - h + 736, h = 1. Suppose 6*g = 3*g + l. Let b(f) = f**3 - 3*f**2 + 3*f + 4. Calculate the remainder when g is divided by b(3).
10
Let z(f) = -2*f. Let v be z(7). Let n = v - -21. What is the remainder when 11 is divided by n?
4
Suppose -v + 4*v - 48 = 0. Suppose -2*j = -3*j + v. Suppose -3*w + j = -23. Calculate the remainder when w is divided by 5.
3
Let r(d) = 3*d + 24. What is the remainder when r(17) is divided by 16?
11
Let t(q) = -5*q**2 + 11*q + 15. Let k be t(-10). Calculate the remainder when k/(-14) + 1/2 is divided by 22.
21
Let f(u) = u**2 - 7*u - 11. Calculate the remainder when 11 is divided by f(9).
4
Let h be 4/(-8)*(-11 - 1). Suppose -28 = -10*j + h*j. Calculate the remainder when 11 is divided by j.
4
Suppose -q + f + 20 = -0*q, 2*f = -2*q + 60. Suppose 0 = l + l - 42. Let b = -8 + l. Calculate the remainder when q is divided by b.
12
Let o = 260 + -238. Calculate the remainder when 126/4*(-1 - -3) is divided by o.
19
Let g = 15 - 9. Suppose 0 = -g*w + w + 85. Calculate the remainder when w is divided by 9.
8
Suppose 2*k = 29 + 31. What is the remainder when k is divided by 8?
6
Suppose -2*i + i = -4*t + 8, 4*i - 22 = -2*t. What is the remainder when 0/i + 4/2 is divided by 2?
0
Let a = 20 - -16. Calculate the remainder when a is divided by 19.
17
Suppose -3*i = i - 4. Calculate the remainder when 37 is divided by (-19)/(i/2*-2).
18
Let r = 10 - 7. Suppose 5*q - 5*o - 40 = 0, q + 46 = r*q + 4*o. Suppose 3*d - 7*c - 13 = -2*c, 5*d = 4*c + q. Calculate the remainder when 1 is divided by d.
0
Suppose -4*l + t = -70, -4*l - 4*t + 78 = -t. What is the remainder when l is divided by 5?
3
Suppose -2*h - 32 = -2*p, p = -2*p + 4*h + 47. Let v = -13 + p. Calculate the remainder when 11 is divided by v.
3
Let z(n) = n**3 + 14*n**2 - 15*n + 21. Let w(b) = -b - 1. What is the remainder when z(-15) is divided by w(-9)?
5
Suppose m + 5 = 2*m. Let t = 2 + m. Suppose 4*c + t = 2*v - 11, 3*v + c - 27 = 0. What is the remainder when 25 is divided by v?
7
Let z = -27 - -17. What is the remainder when -10*((-6)/z + -1) is divided by 2?
0
Suppose 0 = -w - 3*y + 4*y + 14, -12 = 4*y. Let d = w - 3. Calculate the remainder when 13 is divided by d.
5
Suppose -3*o = -3*r - 78, -2 = -o - 5*r - 0*r. Suppose 2*g = -g + 12. Suppose o = -g*f + 62. Calculate the remainder when 19 is divided by f.
9
Let q(z) = 2*z + 2. Calculate the remainder when 19 is divided by q(4).
9
Let l be 6/4*(-4)/(-3). Let s(b) = 22*b - 144. What is the remainder when s(8) is divided by (l/(-4))/(1/(-22))?
10
Let g = -38 - -25. Let c = 21 + g. Calculate the remainder when c is divided by 5.
3
Let i(h) = 3*h**3 + 2*h**2 - 4*h + 3. What is the remainder when 105 is divided by i(2)?
24
Let v be -8*((-21)/(-6) + -3). Calculate the remainder when 54 is divided by (-18)/12 + (-118)/v.
26
Let n be (2/(-4))/((-2)/(-16)). Calculate the remainder when 25 is divided by n/(-6) - (-74)/6.
12
Let m = 0 + 5. Suppose -3*c - 2*d + 48 = -m*d, 3*c - 46 = 5*d. What is the remainder when 31 is divided by c?
14
Let u = 21 - -9. What is the remainder when 87 is divided by u?
27
Let g(o) = 2*o**3 - 8*o**2 - 6*o - 7. Calculate the remainder when g(5) is divided by 21/9*(0 + 3).
6
Suppose 9*b = 4*b. Let g = 1 + -1. Suppose g = 4*h + a - 21, -a - 15 = -2*h - b*a. Calculate the remainder when h is divided by 4.
2
Suppose 9*q - 4*q = -30. What is the remainder when (-638)/q + 8/(-24) is divided by 27?
25
Suppose -15 = -0*q - 5*q. Let s(p) = -2*p + 4*p + 4*p**2 + 1 - q*p. What is the remainder when s(1) is divided by 3?
1
Suppose y + 10 = -5*m, 0*y - y - 2 = 3*m. Calculate the remainder when 47 is divided by y.
7
What is the remainder when 4/18 - ((-6223)/63 + -6) is divided by 12?
9
Let v be 3/12 + 95/4. Let y = v - -4. Let r = 42 - y. Calculate the remainder when 26 i